Suppose -t = t - a. What are the prime factors of t?
2
Let k(f) = -f**2 + 5*f + 3. Suppose 0*l - 5*l = 0, 2*z - l - 6 = 0. Suppose 4*i = -20, -5*y + 6*i = z*i - 40. What are the prime factors of k(y)?
3
Let g(a) = -a**3 - 7*a**2 - 8*a - 8. Let x be g(-6). List the prime factors of x*(-5)/(-6)*3.
2, 5
Suppose 0 = u - 4*u. Suppose 0*o - 3*o + 57 = u. List the prime factors of o.
19
Let y(x) = 4*x**2 - 4*x - 4. List the prime factors of y(8).
2, 5, 11
Let l be (-1)/5 - (-42)/10. Suppose -17 = 3*s - l*q, 6 = -2*s + 5*q - 10. What are the prime factors of (-6)/(-2 - (-3 - s))?
3
Suppose 6 = v - y - 2, -2*y = 10. Suppose 0 = c + v. What are the prime factors of (0 + -1)/(c/6)?
2
Suppose 4*c = z + 23 + 14, -2*c - 4*z + 32 = 0. What are the prime factors of c?
2, 5
What are the prime factors of ((-98)/8)/(17/(-16) + 1)?
2, 7
Let w be 2 - ((-4 - -1) + 20). What are the prime factors of (-200)/w*(-24)/(-10)?
2
Let y(o) = 6*o. Suppose 0*c = -2*c + 6. Suppose -5*u + 29 = 2*g - 0*u, c*g = -4*u + 26. List the prime factors of y(g).
2, 3
Let j(m) be the second derivative of 7*m**3/6 - 11*m**2/2 + 9*m. List the prime factors of j(8).
3, 5
Let z be (40 - 6/3) + 4. Suppose -4 + z = 2*x. What are the prime factors of x?
19
Let q be (-19)/(-3)*1*-3. Suppose 2*x = -j + 2, -5*x + 9 = 3*j + 3. Let v = j - q. What are the prime factors of v?
3, 7
Let n = -12 + 4. Let c(u) = -u - 8. Let d be c(n). Suppose d = 4*o - 2*o + 3*p - 20, -3*o + 60 = -3*p. List the prime factors of o.
2
Let d(o) = -2*o**2 + 4*o + 4. Let z be d(4). Let k = -5 - z. List the prime factors of k.
7
Let i = 102 + -155. What are the prime factors of 18/(-30) - i/5?
2, 5
Suppose p + s + 0*s = 1, 1 = 3*p + 4*s. Let a = p + 0. Suppose -a*m + 7 = 5*o + m, -5*m - 13 = -o. What are the prime factors of o?
3
Let c(x) = x**3 - 14*x**2 + 16*x + 5. List the prime factors of c(13).
2, 11
Let j = 55 + -77. Let b = 36 + j. List the prime factors of b.
2, 7
Let a be (4/5)/((-14)/(-105)). Suppose -9*x = -a*x - 39. What are the prime factors of x?
13
Let g = 1 + 8. Let l = g + -6. Suppose -l*i + i + 14 = 0. What are the prime factors of i?
7
Let o = -7 + 12. Suppose -13 = -2*w + v, -4*v = -o*v + 1. List the prime factors of w.
7
Suppose 0 = -2*a, 2*a - a + 20 = -5*d. Let z(m) = -m**2 - 3*m. Let f be z(d). What are the prime factors of 1/f + (-84)/(-16)?
5
Suppose 700 + 788 = 6*t. What are the prime factors of t?
2, 31
Let b(t) = -t**2 - 15*t + 8. What are the prime factors of b(-15)?
2
Suppose 4*l + 4 - 35 = 5*u, 5*u = 2*l - 33. Let r = 7 - u. What are the prime factors of r?
2, 7
Let d(u) = u**2 + 7*u + 3. Let f be d(-5). Let r be -1 + 3 + -1 + f. Let w = 14 + r. What are the prime factors of w?
2
Let k = 7 + -16. Let y(q) = q + 2. Let h be y(-7). Let p = h - k. List the prime factors of p.
2
Let h be 2 - (-6)/(6/(-2)). Suppose -r - r + 22 = h. Let a = -5 + r. What are the prime factors of a?
2, 3
Suppose 0 = 3*m - 5*s - 60, -s - 2*s = 3*m - 36. What are the prime factors of m?
3, 5
Let g be 1/((1/(-19))/1). Suppose 1 = -2*j + 3*j. List the prime factors of (j - 2)*2 - g.
17
Let f = -9 - -9. Suppose f = 8*k - 3*k - 20. Suppose -52 = -k*a - 3*y - y, -3*a - y + 31 = 0. What are the prime factors of a?
3
Let k be (-64)/((-2 - 1) + 2). Let o = 31 - k. What are the prime factors of (o/(-9))/((-2)/(-6))?
11
Let x = -325 + 458. What are the prime factors of x?
7, 19
Let g(c) = c + 13. Let m be g(-9). Suppose -m*a = -2*z + 24, 2*z = -2*z - a + 66. List the prime factors of z.
2
Suppose 3*c = 2*c + 4. Suppose -3*l = -l + c*h - 4, 5*l - 45 = -3*h. List the prime factors of l.
2, 3
Let n(j) = -j + 15. Let f be n(0). Let p = -3 + 8. Suppose p*r + f = 55. What are the prime factors of r?
2
Let t = -7 - -10. Suppose -8*w = -t*w - 15. Suppose g = -4*j + 24, -3*g + 0*j = w*j - 36. What are the prime factors of g?
2
Let y(r) = 2*r**2 - 8*r - 7. Let x(v) = 3*v**2 - 9*v - 8. Let g(n) = -3*x(n) + 4*y(n). List the prime factors of g(-3).
2
Let i be (-4)/(-14) + (-148)/28. Suppose 2*p - 9 = -43. Let n = i - p. What are the prime factors of n?
2, 3
Suppose -3*u = -h + 27 - 4, -h - 5*u = -55. List the prime factors of h.
5, 7
Let j(p) = -p**2 - 8*p - 2. Let o be j(-8). Let f be (-2 - (0 + o)) + 2. Suppose 0 = -f*g - 4*u + 8, 0*u - 7 = -3*g - u. What are the prime factors of g?
2
Let d be (9/(-6))/((-2)/(-4)). Let j(o) = -o**3 - 3*o**2 + 2*o + 4. Let u be j(d). List the prime factors of (u - -14)*(1 - 0).
2, 3
Let n(q) = -3*q. Let x be n(-1). Suppose -h - 2*y - 6 = -5*h, -2*y = x*h - 22. What are the prime factors of h?
2
Let f be ((-6)/4)/(2/4). Let v be 3/(-9) + (-49)/f. Let q = -7 + v. List the prime factors of q.
3
Let g(z) = -z**2 - 8*z + 7. Suppose -11 + 3 = -i - 2*x, 0 = 4*x + 4. Suppose t + i = 2*r, 3*r = t + 11 - 0. List the prime factors of g(t).
7
Let q be (0*(-3)/(-6))/1. Suppose i = -q*i + 16. List the prime factors of i.
2
Suppose 0 = 5*x - 123 - 117. Let h = -25 + x. List the prime factors of h.
23
Let i = 46 + -33. What are the prime factors of i?
13
Let t be (1 - -1)*15/(-6). Let r(f) = -f**3 - 4*f**2 + 6*f + 6. Let p be r(t). Let y = p + 9. List the prime factors of y.
2, 5
Let j = -19 + 43. Suppose 4*f - 2*n = -n + 20, -j = -f + 5*n. List the prime factors of f.
2
Suppose -2*o - 2 = -0. What are the prime factors of (-21)/(-6)*(o + 3)?
7
Suppose 0 = g + 4*g - 50. Let n(r) = -r**2 - 11*r - 6. Let x be n(-8). Let y = x - g. List the prime factors of y.
2
Let z(l) = 8*l**2 - 27*l - 9. Let p(d) = -3*d**2 + 9*d + 3. Suppose g - 16 = -3*g. Let j(w) = g*z(w) + 11*p(w). List the prime factors of j(-7).
11
Suppose 4*y - 48 = 40. What are the prime factors of y?
2, 11
Suppose 0 = -4*l - 12, -3*t + 7 = 5*l - 5. Let g be 3*(2 + 39/t). Let y = g - 9. List the prime factors of y.
2, 5
Suppose 4*y - 4*j = 28, -2*y + 3*y - 5*j + 1 = 0. What are the prime factors of (y/6)/((-2)/(-56))?
2, 3, 7
What are the prime factors of 48/1 - -1 - -2 - 0?
3, 17
Let v(m) = -m + 1. Let f be v(1). Suppose f = 2*r - 27 - 1. What are the prime factors of r?
2, 7
Let r(i) = 2*i**2 + i. Let f be r(-1). Suppose 0 = -5*o + z - 4*z + f, 0 = 3*o + 2*z. What are the prime factors of o?
2
Let o = -7 - -10. Suppose o*n - 157 + 25 = 0. List the prime factors of n.
2, 11
Let x = -1 + 5. Let k be 10 - 2/(-6)*-3. Suppose -k = -s + x. List the prime factors of s.
13
Suppose g - 31 = -4*t, -t + 5*g = -2 + 10. Suppose -4*j + 3*j + t = 0. What are the prime factors of j?
7
Suppose 3*r + 4*o = 2*o + 556, 0 = -r + 2*o + 180. What are the prime factors of r?
2, 23
Let f = 100 - 65. Let p be (-671)/(-44) - (-2)/(-8). Suppose f - p = 2*o. List the prime factors of o.
2, 5
What are the prime factors of -3*3/(-9) + (-2 - -62)?
61
Let s(a) = 5*a**3 - a**2 + 3*a + 2. Let t be s(-2). List the prime factors of -6*(-44)/t*-2.
11
Suppose -2*z = -4*o - 66, 24 - 86 = -2*z + 2*o. What are the prime factors of z?
29
Let i(f) = -1. Let m(r) = 9*r + 6. Let q(s) = 5*i(s) + m(s). Let z be 4/6 - (-1)/3. What are the prime factors of q(z)?
2, 5
Let b = -53 + 95. Suppose 3*w + 44 = w. Let k = b + w. List the prime factors of k.
2, 5
Let s(u) be the first derivative of u**4/2 + u**3/3 + 4. Let x(o) = -o**2 + 2*o + 4. Let z be x(3). What are the prime factors of s(z)?
3
Let x(k) = -18*k. Let d(r) = -r. Let m(y) = -8*d(y) + x(y). What are the prime factors of m(-1)?
2, 5
Let q = 4 + -5. Let v be (-8)/(q + 0 - -2). Let i = 18 + v. List the prime factors of i.
2, 5
Let n be (-2 - -4) + (0 - 2). Suppose -5*u = -5*z - 0*z - 60, 5*u + 2*z - 88 = n. What are the prime factors of u?
2
Let g be 4/2 + (2 - 2). Let q(n) = n**3 - n**2 - 2*n + 2. Let m be q(g). Suppose -4*w - 6 + 2 = -m*t, 3*t + 2*w = 38. What are the prime factors of t?
2, 5
Suppose -5*y = 4*p - 669, 3*y = 3*p + 6*y - 501. List the prime factors of p.
2, 83
Suppose 5*b - 14 + 4 = 0. Let j be 21/15 - b/5. What are the prime factors of j/(-2) - (-50)/4?
2, 3
Suppose 0 = -3*m + 2*m + 3, -m + 15 = 4*c. Suppose -2*u + 5*t = -64, -u = -c*t + 1 - 32. List the prime factors of u.
37
Suppose -4*w + 3*a = -2, 3*a + 2 = 2*w + 2*a. What are the prime factors of w?
2
Let j(o) = 13*o - 3*o + 6 - 2*o + 7*o**2 + 0*o**3 - o**3. List the prime factors of j(8).
2, 3
Let w(j) = j + 55. What are the prime factors of w(16)?
71
Let x be (-1 - -4) + 12/(-4). S